5. What is the tens digit of ((-172)/6)/(y/9 - 2)?
8
What is the tens digit of 12/10 + 31280/100?
1
Let q(o) = -6*o - 3 + 0 - 7*o + 16*o. What is the units digit of q(4)?
9
Let d = 320 - -589. What is the hundreds digit of d?
9
Suppose 2*w - 12 = 6*w. Let b(f) = 2*f**2 + 9*f + 10. Let o(a) = a**2 - 1. Let r(x) = w*o(x) + b(x). What is the units digit of r(10)?
3
Let v(d) = 2*d**3 + 14*d**2 + 11*d + 12. Let i be v(-9). Let x be i/9 + (-6)/(-9). Let w = x - -76. What is the units digit of w?
1
Suppose -5*w + 1232 = 4*n, 0*n - 333 = -n + 5*w. What is the units digit of n?
3
Let k(p) = -104*p + 49. What is the units digit of k(-3)?
1
Suppose 6*s - s + 208 = 3*z, -5*z + s = -332. Suppose 34 = 2*d - z. What is the units digit of d?
0
Suppose -530 = -13*i + 3*i. Let s = 70 - i. What is the tens digit of s?
1
What is the hundreds digit of (-3084)/(-9) + 9/27?
3
Let p = 27 - 25. Let b(i) = -3*i - 3*i**3 + 13*i**p - i**3 - 2*i**3 + 5 + 7*i**3. What is the tens digit of b(-13)?
4
Let y = 3666 + -1502. What is the tens digit of y?
6
Suppose 512 = y - 223. What is the tens digit of 5/15 - y/(-9)?
8
Let o(r) = r**3 + 7*r**2 + 6*r - 6. Let w be o(-6). Let d be ((-40)/(-15))/(w/9). What is the units digit of 2 - (d/2 - 42)?
6
Let x(a) = -5*a + 5. Let l be 10/(-15) + 42/9. Suppose -2*q + q = l. What is the units digit of x(q)?
5
Let j be 4 - 11/3 - (-1697)/3. Suppose -j = -6*h + 502. What is the units digit of h?
8
Let j(x) = -x**2 - 10*x + 3. Let q be j(-8). Let a = 44 - q. Suppose 3*k = -2*k + a, 105 = 5*u + 2*k. What is the tens digit of u?
1
Suppose -4 + 18 = 7*x. Let d be x*14*14/8. Suppose 0 = -3*k + 2*o + 105, d = k - 2*o + 6*o. What is the tens digit of k?
3
Let g be 6/15*5 + 3. Suppose 0 = -g*x + 198 + 292. Suppose -5*l + 2*i = -x, 5*l - 111 + 9 = -2*i. What is the units digit of l?
0
Let f(u) = u**3 - 11*u**2 - 11*u - 10. Let z be f(12). Suppose z*s - p + 3*p = 172, -2*s + p + 184 = 0. What is the tens digit of s?
9
Let t(u) = -2*u**3 - 10*u**2 - 15*u - 26. What is the tens digit of t(-8)?
7
Let w = -368 + 837. What is the hundreds digit of w?
4
Suppose 3*y - 917 = y + 5*j, 463 = y - j. What is the tens digit of y?
6
What is the tens digit of (-2142)/27*(-12)/14?
6
Let x(s) = 1 + 8*s**3 - 6*s**3 - 9*s**2 - 2*s**3 + 2*s**3 - 5*s. What is the units digit of x(6)?
9
Let o = -4925 - -8029. What is the thousands digit of o?
3
Let l = -42 - -15. Let n = 54 - l. What is the tens digit of n?
8
Let d be 6/45 - (-1565)/75. Let k = d + -16. Suppose p + 9 = -5*v, -9 = -k*p - 2*v + 15. What is the units digit of p?
6
Let a be -10 + 6 - 7/(21/(-18)). Suppose -2*q = p - 192 - 254, -q + 217 = a*p. What is the tens digit of q?
2
Let o(z) = -15*z - 53. Let b be o(15). Let f = -96 - b. What is the tens digit of f?
8
Let t = 2 - -262. What is the tens digit of t?
6
Suppose -3*g + 2*g + 8 = 0. Suppose -80 - 32 = -g*u. What is the units digit of u?
4
Suppose 8*l - 6*l + a - 1909 = 0, -2*a = -4*l + 3838. Suppose -7*f = -534 - l. What is the hundreds digit of f?
2
Let q(f) = 1038*f**2 - 30*f. What is the units digit of q(-2)?
2
Let r = 52 + 76. What is the units digit of r?
8
Let x(w) = -3*w + 2. Let c(n) = -n**2 - 5*n + 5. Let j(o) = -3*c(o) + 5*x(o). Let b = -111 - -116. What is the units digit of j(b)?
0
Suppose 5*q = 3*z - 5218, 2*z + 2*q - 5003 = -1503. What is the units digit of z?
6
Suppose 0 = -7*p + 46 + 52. Let b = 17 - p. Suppose -h - b*d - 2 = -28, -2*h + d = -17. What is the units digit of h?
1
Suppose w + 2*j - 694 = 4*j, 1388 = 2*w + 5*j. What is the tens digit of w?
9
Let z(w) = -w**2 + 2*w - 2. Let a be z(2). Let f(t) = -10*t - 4. What is the tens digit of f(a)?
1
What is the thousands digit of 25680/21 + 9*(-4)/(-252)?
1
Suppose 0 = 3*k + 3*d + 12, -d + 6 = d. Let q = 14 + k. What is the units digit of q?
7
What is the units digit of 2/(-25) - 11813440/(-2375)?
4
What is the tens digit of 1243 - (-3)/(-3) - 6?
3
Let x = -105 + 23. What is the units digit of (x/2)/((-6)/12)?
2
Let m(a) = a**3 + 8*a**2 + 6*a - 2. Let w be m(-7). Suppose 84 = w*y + 274. What is the units digit of (1 - 0)/(-1) - y?
7
Let k(h) = h**3 + 6*h**2 - 4*h + 1. Let y be k(-6). Suppose 2*a = -4*t - 60, -3*t + 0*a - a = 43. Let p = y + t. What is the tens digit of p?
1
What is the tens digit of 113 + -36 - 7/1?
7
Let v = -33 + 29. What is the tens digit of (-160)/v - -4 - -4?
4
Let j(h) = -h**3 - 6*h**2 + 7*h + 5. Let c be j(-7). Let l(y) = y**3 - 2*y**2 + 3*y + 2*y**2 - 4*y**2 + 0*y - 7. What is the units digit of l(c)?
3
Let t be 2/9 + (-544)/18. Let y be (10/6)/(5/(-195)). Let n = t - y. What is the tens digit of n?
3
Suppose -4*d + 69 = -d. Let z = 1 + d. Let r = z - 10. What is the units digit of r?
4
Suppose 509*c = 506*c + 8349. What is the units digit of c?
3
Let a be 448/6 + 8/(-12). Suppose 253 = -5*i + s - 0*s, -53 = i - s. Let r = i + a. What is the tens digit of r?
2
Suppose -1 = k - 3. Suppose 0 = z - 3 + k. What is the units digit of (z/(-2))/((-2)/20)?
5
Let o = -142 - -542. What is the tens digit of o?
0
Let l(k) be the second derivative of k**4/12 + k**2 - 11*k. What is the tens digit of l(-3)?
1
Let y(f) be the first derivative of -13*f**2/2 - 3*f + 1. What is the units digit of y(-2)?
3
Suppose x = -3*x + 2*d + 3292, -823 = -x + 2*d. What is the tens digit of x?
2
Let v = -5304 - -10127. What is the hundreds digit of v?
8
Suppose 5395*v = 5387*v + 6704. What is the hundreds digit of v?
8
Let k(u) = 52*u + 68. What is the tens digit of k(12)?
9
Let p(q) = -q**3 + 3*q**2 + 2*q - 2. Let v be p(3). Let g(r) = -v - r**2 + 11*r - 7 + 2. What is the tens digit of g(8)?
1
Let p = -16 + 12. Let f(g) = g + 4. Let a be f(p). Suppose a*u + 10 = u. What is the tens digit of u?
1
Suppose 4*o - 3*o = 2*h - 16, 5*o = 5*h - 45. Let r(g) = g**3 - 7*g**2 + g - 6. Let l be r(h). What is the tens digit of ((-1)/(-2))/(l/22)?
1
Let i(r) be the third derivative of -r**4/12 - r**3/3 + 7*r**2. Let l be i(-1). Suppose 0*j - g = -4*j + 136, -2*j + 5*g + 68 = l. What is the tens digit of j?
3
Suppose 0 = x - 9 + 28. Let y = 46 + x. What is the tens digit of y?
2
Let b be (-2)/7 - 4/(-14). Suppose -2*j - 4 = b, 2*o - j + 0 = 2. Suppose -5*s - 58 = -5*d + 3*d, o = -d + s + 26. What is the units digit of d?
4
Suppose 5*z + 1279 = 4*j, 965 = -2*j + 5*j + 2*z. What is the hundreds digit of j?
3
Let f(g) = -7 - 19 - g**3 - 6*g**2 + 8*g + 17. What is the tens digit of f(-8)?
5
What is the hundreds digit of 50094/46 - ((-10)/(-2) + -2)?
0
Let l(s) = -51*s + 158. What is the units digit of l(-14)?
2
Let h = 147 + -144. Suppose 3*q = 9, -5*z - q = -h*q - 499. What is the units digit of z?
1
Let w(j) be the third derivative of 3*j**6/40 + j**5/60 + j**4/24 - j**3/2 + 2*j**2. Let t(z) be the first derivative of w(z). What is the tens digit of t(-1)?
2
Suppose -3*f = 0, -f + 58 = 2*h + 4*f. Suppose -4*u = -5*g + h, 0 = 2*g - 0*g - 4*u - 2. What is the units digit of g?
9
Suppose 9 + 1 = 2*p. Suppose z = -1 + 4. Suppose z*d = d + t + 47, -p*t - 60 = -3*d. What is the tens digit of d?
2
Suppose 14*h = 31*h - 39100. What is the thousands digit of h?
2
Let k = 10 + 6. Suppose 2*g = g + 4*h + k, -2*g + h + 11 = 0. Suppose 21 = g*f - 79. What is the units digit of f?
5
Let j(x) = -7*x**2 - 7*x - 26. Let u(n) = -2*n**2 - 2*n - 9. Let k(l) = -3*j(l) + 8*u(l). Suppose 0 = -f + 3 - 6. What is the tens digit of k(f)?
3
Suppose 0 = 4*y - 3*w + 63, -2*y - 24 = 5*w + 27. Suppose -3*s - 3*k = -0*k - 99, 0 = -5*k - 15. Let a = s + y. What is the units digit of a?
8
Let m(l) = 348*l - 146. What is the hundreds digit of m(13)?
3
What is the thousands digit of (579/15)/(1/75)?
2
Let h(f) = 4*f + 4. Let x be h(9). Suppose 0 = -2*l - x + 8. What is the units digit of l/(-104) + 24/13?
2
Suppose -3 = -6*y + 5*y. Let v(w) = -w**2 + 3*w + 3. Let l be v(y). Let a = 27 - l. What is the tens digit of a?
2
What is the thousands digit of (-84)/(-70)*(-4720)/(-3)?
1
Let p(q) = q**3 - 4*q**2 - 7*q - 6. Let d(s) = s**3 - 4*s**2 - 7*s - 7. Let i(x) = 7*d(x) - 6*p(x). What is the units digit of i(8)?
7
Suppose 2*b - 107 = 13. Let i be (b/(-7))/(4/(-56)). Suppose 4*h - i = -h. What is the units digit of h?
4
Suppose 0 = 3*o + 6 + 183. Let f be (-1704)/14 + 18/o. What is the units digit of -3*f*(-5)/(-30)?
1
Let f = 49 + -60. Let r = f - 